{"id":465,"date":"2023-09-07T12:44:09","date_gmt":"2023-09-07T10:44:09","guid":{"rendered":"https:\/\/cercledesamateursdubraquedeweimar.com\/wordpress\/?page_id=465"},"modified":"2023-12-15T13:09:27","modified_gmt":"2023-12-15T12:09:27","slug":"les-titres-de-champion-braque-de-weimar","status":"publish","type":"page","link":"https:\/\/cercledesamateursdubraquedeweimar.com\/index.php\/les-titres-de-champion-braque-de-weimar\/","title":{"rendered":"Les titres"},"content":{"rendered":"<style>.wp-block-kadence-advancedheading.kt-adv-heading465_d6c8b7-88, .wp-block-kadence-advancedheading.kt-adv-heading465_d6c8b7-88[data-kb-block=\"kb-adv-heading465_d6c8b7-88\"]{text-align:center;font-size:var(--global-kb-font-size-xl, 3rem);font-weight:600;font-style:normal;font-family:'Hanken Grotesk';}.wp-block-kadence-advancedheading.kt-adv-heading465_d6c8b7-88 mark.kt-highlight, .wp-block-kadence-advancedheading.kt-adv-heading465_d6c8b7-88[data-kb-block=\"kb-adv-heading465_d6c8b7-88\"] mark.kt-highlight{font-style:normal;color:#f76a0c;-webkit-box-decoration-break:clone;box-decoration-break:clone;padding-top:0px;padding-right:0px;padding-bottom:0px;padding-left:0px;}<\/style>\n<h1 class=\"kt-adv-heading465_d6c8b7-88 wp-block-kadence-advancedheading has-theme-palette-2-color has-text-color\" data-kb-block=\"kb-adv-heading465_d6c8b7-88\">Les titres de champion de beaut\u00e9<br>en exposition canine<\/h1>\n\n\n\n<hr class=\"wp-block-separator alignwide has-alpha-channel-opacity\"\/>\n\n\n<style>.kb-lottie-container465_578191-39 dotlottie-player{max-width:140px;}<\/style><div class=\"kb-lottie-container kb-lottie-container465_578191-39 aligncenter\"><dotlottie-player loop=\"true\" speed=\"0.3\" autoplay=\"true\" mode=\"normal\" src=\"https:\/\/cercledesamateursdubraquedeweimar.com\/index.php\/wp-json\/kb-lottieanimation\/v1\/animations\/1878.json\"\n\t\t\t\t\t\t\tid=\"kb-lottie-player465_578191-39\"\n\t\t\t\t\t\t><\/dotlottie-player><\/div>\n\n\n<p><\/p>\n\n\n<style>.wp-block-kadence-advancedheading.kt-adv-heading465_ffcfc9-77, .wp-block-kadence-advancedheading.kt-adv-heading465_ffcfc9-77[data-kb-block=\"kb-adv-heading465_ffcfc9-77\"]{font-size:var(--global-kb-font-size-md, 1.25rem);font-style:normal;}.wp-block-kadence-advancedheading.kt-adv-heading465_ffcfc9-77 mark.kt-highlight, .wp-block-kadence-advancedheading.kt-adv-heading465_ffcfc9-77[data-kb-block=\"kb-adv-heading465_ffcfc9-77\"] mark.kt-highlight{font-style:normal;color:#f76a0c;-webkit-box-decoration-break:clone;box-decoration-break:clone;padding-top:0px;padding-right:0px;padding-bottom:0px;padding-left:0px;}<\/style>\n<p class=\"kt-adv-heading465_ffcfc9-77 wp-block-kadence-advancedheading\" data-kb-block=\"kb-adv-heading465_ffcfc9-77\">&#8211; CHCS : Champion de Conformit\u00e9 au Standard (Champion de France)<br>&#8211; CHIB : Champion International de Beaut\u00e9<br>&#8211; CHEN : Champion des Expositions Nationales<br>&#8211; CIE : Champion International d\u2019Expositions<br>&#8211; CHJ : Champion de France Jeune (Titre honorifique, ne donne pas acc\u00e8s \u00e0 la classe \u00ab&nbsp;champion&nbsp;\u00bb)<br>-CHEN-J : Jeune Champion des expositions nationales ((Titre honorifique, ne donne pas acc\u00e8s \u00e0 la classe \u00ab&nbsp;champion&nbsp;\u00bb)<br>&#8211; CHV : Champion de France V\u00e9t\u00e9ran (Titre honorifique, ne donne pas acc\u00e8s \u00e0 la classe \u00ab&nbsp;champion&nbsp;\u00bb)<br>&#8211; ChEN-V : V\u00e9t\u00e9ran Champion des expositions nationales (Titre honorifique, ne donne pas acc\u00e8s \u00e0 la classe \u00ab&nbsp;champion&nbsp;\u00bb)<br>&#8211; VWDS : Vainqueur du World Dog Show<br>&#8211; CGA : Laur\u00e9at du Concours G\u00e9n\u00e9ral Agricole<br>&#8211; Chxx : Champion de beaut\u00e9 d\u2019un pays hors France (xx \u00e9tant remplac\u00e9 par l\u2019abr\u00e9viation du pays comme ChLUX = Champion de beaut\u00e9 du Luxembourg, ChME = Champion de beaut\u00e9 du Mont\u00e9n\u00e9gro &#8230;.)<\/p>\n\n\n\n<p><\/p>\n\n\n\n<hr class=\"wp-block-separator alignwide has-alpha-channel-opacity\"\/>\n\n\n<style>.kb-image465_48bc6f-02 .kb-image-has-overlay:after{opacity:0.3;border-top-left-radius:70px;border-top-right-radius:70px;border-bottom-right-radius:70px;border-bottom-left-radius:70px;}.kb-image465_48bc6f-02 img.kb-img, .kb-image465_48bc6f-02 .kb-img img{border-top:1px solid #317ac1;border-right:1px solid #317ac1;border-bottom:1px solid #317ac1;border-left:1px solid #317ac1;border-top-left-radius:70px;border-top-right-radius:70px;border-bottom-right-radius:70px;border-bottom-left-radius:70px;box-shadow:0px 0px 14px 0px var(--global-palette6, #718096);}@media all and (max-width: 1024px){.kb-image465_48bc6f-02 img.kb-img, .kb-image465_48bc6f-02 .kb-img img{border-top:1px solid #317ac1;border-right:1px solid #317ac1;border-bottom:1px solid #317ac1;border-left:1px solid #317ac1;}}@media all and (max-width: 767px){.kb-image465_48bc6f-02 img.kb-img, .kb-image465_48bc6f-02 .kb-img img{border-top:1px solid #317ac1;border-right:1px solid #317ac1;border-bottom:1px solid #317ac1;border-left:1px solid #317ac1;}}<\/style>\n<div class=\"wp-block-kadence-image kb-image465_48bc6f-02\"><figure class=\"aligncenter size-full\"><a href=\"https:\/\/cercledesamateursdubraquedeweimar.com\/index.php\/les-titres-de-champion-braque-de-weimar\/\" class=\"kb-advanced-image-link\"><img loading=\"lazy\" decoding=\"async\" width=\"125\" height=\"125\" src=\"https:\/\/cercledesamateursdubraquedeweimar.com\/wordpress\/wp-content\/uploads\/2023\/10\/logo_cabw-1.jpg\" alt=\"cercle des amateurs du braque de weimar\" class=\"kb-img wp-image-1465\"\/><\/a><\/figure><\/div>\n","protected":false},"excerpt":{"rendered":"<p>Les titres de champion de beaut\u00e9en exposition canine &#8211; CHCS : Champion de Conformit\u00e9 au Standard (Champion de France)&#8211; CHIB : Champion International de Beaut\u00e9&#8211; CHEN : Champion des Expositions Nationales&#8211; CIE : Champion International d\u2019Expositions&#8211; CHJ : Champion de France Jeune (Titre honorifique, ne donne pas acc\u00e8s \u00e0 la classe \u00ab&nbsp;champion&nbsp;\u00bb)-CHEN-J : Jeune Champion&#8230;<\/p>\n","protected":false},"author":1,"featured_media":0,"parent":0,"menu_order":0,"comment_status":"closed","ping_status":"closed","template":"","meta":{"_monsterinsights_skip_tracking":false,"_monsterinsights_sitenote_active":false,"_monsterinsights_sitenote_note":"","_monsterinsights_sitenote_category":0,"_kad_post_transparent":"","_kad_post_title":"hide","_kad_post_layout":"","_kad_post_sidebar_id":"","_kad_post_content_style":"","_kad_post_vertical_padding":"","_kad_post_feature":"","_kad_post_feature_position":"","_kad_post_header":false,"_kad_post_footer":false,"footnotes":""},"class_list":["post-465","page","type-page","status-publish","hentry"],"yoast_head":"<!-- This site is optimized with the Yoast SEO plugin v25.4 - https:\/\/yoast.com\/wordpress\/plugins\/seo\/ -->\n<title>Les titres | Cercle des Amateurs du Braque de Weimar<\/title>\n<meta name=\"description\" content=\"Association de propri\u00e9taires de braque de weimar en France. Que signifie cette abr\u00e9viation de titre de champion sur un pedigree?\" \/>\n<meta name=\"robots\" content=\"index, follow, max-snippet:-1, max-image-preview:large, max-video-preview:-1\" \/>\n<link rel=\"canonical\" href=\"https:\/\/cercledesamateursdubraquedeweimar.com\/index.php\/les-titres-de-champion-braque-de-weimar\/\" \/>\n<meta property=\"og:locale\" content=\"fr_FR\" \/>\n<meta property=\"og:type\" content=\"article\" \/>\n<meta property=\"og:title\" content=\"Les titres | Cercle des Amateurs du Braque de Weimar\" \/>\n<meta property=\"og:description\" content=\"Association de propri\u00e9taires de braque de weimar en France. Que signifie cette abr\u00e9viation de titre de champion sur un pedigree?\" \/>\n<meta property=\"og:url\" content=\"https:\/\/cercledesamateursdubraquedeweimar.com\/index.php\/les-titres-de-champion-braque-de-weimar\/\" \/>\n<meta property=\"og:site_name\" content=\"Cercle des Amateurs du Braque de Weimar\" \/>\n<meta property=\"article:publisher\" content=\"https:\/\/www.facebook.com\/groups\/259081272759375\" \/>\n<meta property=\"article:modified_time\" content=\"2023-12-15T12:09:27+00:00\" \/>\n<meta property=\"og:image\" content=\"https:\/\/cercledesamateursdubraquedeweimar.com\/wordpress\/wp-content\/uploads\/2023\/10\/logo_cabw-1.jpg\" \/>\n<meta name=\"twitter:card\" content=\"summary_large_image\" \/>\n<meta name=\"twitter:label1\" content=\"Dur\u00e9e de lecture estim\u00e9e\" \/>\n\t<meta name=\"twitter:data1\" content=\"1 minute\" \/>\n<script type=\"application\/ld+json\" class=\"yoast-schema-graph\">{\"@context\":\"https:\/\/schema.org\",\"@graph\":[{\"@type\":\"WebPage\",\"@id\":\"https:\/\/cercledesamateursdubraquedeweimar.com\/index.php\/les-titres-de-champion-braque-de-weimar\/\",\"url\":\"https:\/\/cercledesamateursdubraquedeweimar.com\/index.php\/les-titres-de-champion-braque-de-weimar\/\",\"name\":\"Les titres | Cercle des Amateurs du Braque de Weimar\",\"isPartOf\":{\"@id\":\"https:\/\/cercledesamateursdubraquedeweimar.com\/#website\"},\"primaryImageOfPage\":{\"@id\":\"https:\/\/cercledesamateursdubraquedeweimar.com\/index.php\/les-titres-de-champion-braque-de-weimar\/#primaryimage\"},\"image\":{\"@id\":\"https:\/\/cercledesamateursdubraquedeweimar.com\/index.php\/les-titres-de-champion-braque-de-weimar\/#primaryimage\"},\"thumbnailUrl\":\"https:\/\/cercledesamateursdubraquedeweimar.com\/wordpress\/wp-content\/uploads\/2023\/10\/logo_cabw-1.jpg\",\"datePublished\":\"2023-09-07T10:44:09+00:00\",\"dateModified\":\"2023-12-15T12:09:27+00:00\",\"description\":\"Association de propri\u00e9taires de braque de weimar en France. Que signifie cette abr\u00e9viation de titre de champion sur un pedigree?\",\"breadcrumb\":{\"@id\":\"https:\/\/cercledesamateursdubraquedeweimar.com\/index.php\/les-titres-de-champion-braque-de-weimar\/#breadcrumb\"},\"inLanguage\":\"fr-FR\",\"potentialAction\":[{\"@type\":\"ReadAction\",\"target\":[\"https:\/\/cercledesamateursdubraquedeweimar.com\/index.php\/les-titres-de-champion-braque-de-weimar\/\"]}]},{\"@type\":\"ImageObject\",\"inLanguage\":\"fr-FR\",\"@id\":\"https:\/\/cercledesamateursdubraquedeweimar.com\/index.php\/les-titres-de-champion-braque-de-weimar\/#primaryimage\",\"url\":\"https:\/\/cercledesamateursdubraquedeweimar.com\/wordpress\/wp-content\/uploads\/2023\/10\/logo_cabw-1.jpg\",\"contentUrl\":\"https:\/\/cercledesamateursdubraquedeweimar.com\/wordpress\/wp-content\/uploads\/2023\/10\/logo_cabw-1.jpg\",\"width\":125,\"height\":125},{\"@type\":\"BreadcrumbList\",\"@id\":\"https:\/\/cercledesamateursdubraquedeweimar.com\/index.php\/les-titres-de-champion-braque-de-weimar\/#breadcrumb\",\"itemListElement\":[{\"@type\":\"ListItem\",\"position\":1,\"name\":\"Accueil\",\"item\":\"https:\/\/cercledesamateursdubraquedeweimar.com\/\"},{\"@type\":\"ListItem\",\"position\":2,\"name\":\"Les titres\"}]},{\"@type\":\"WebSite\",\"@id\":\"https:\/\/cercledesamateursdubraquedeweimar.com\/#website\",\"url\":\"https:\/\/cercledesamateursdubraquedeweimar.com\/\",\"name\":\"Cercle des amateurs du braque de weimar\",\"description\":\"Association de propri\u00e9taires de braques de weimar depuis 1978\",\"publisher\":{\"@id\":\"https:\/\/cercledesamateursdubraquedeweimar.com\/#organization\"},\"alternateName\":\"CABW\",\"potentialAction\":[{\"@type\":\"SearchAction\",\"target\":{\"@type\":\"EntryPoint\",\"urlTemplate\":\"https:\/\/cercledesamateursdubraquedeweimar.com\/?s={search_term_string}\"},\"query-input\":{\"@type\":\"PropertyValueSpecification\",\"valueRequired\":true,\"valueName\":\"search_term_string\"}}],\"inLanguage\":\"fr-FR\"},{\"@type\":\"Organization\",\"@id\":\"https:\/\/cercledesamateursdubraquedeweimar.com\/#organization\",\"name\":\"Cercle des Amateurs du Braque de Weimar\",\"alternateName\":\"CABW\",\"url\":\"https:\/\/cercledesamateursdubraquedeweimar.com\/\",\"logo\":{\"@type\":\"ImageObject\",\"inLanguage\":\"fr-FR\",\"@id\":\"https:\/\/cercledesamateursdubraquedeweimar.com\/#\/schema\/logo\/image\/\",\"url\":\"https:\/\/cercledesamateursdubraquedeweimar.com\/wordpress\/wp-content\/uploads\/2025\/05\/cropped-cropped-logoCABW2025vers1.png\",\"contentUrl\":\"https:\/\/cercledesamateursdubraquedeweimar.com\/wordpress\/wp-content\/uploads\/2025\/05\/cropped-cropped-logoCABW2025vers1.png\",\"width\":512,\"height\":512,\"caption\":\"Cercle des Amateurs du Braque de Weimar\"},\"image\":{\"@id\":\"https:\/\/cercledesamateursdubraquedeweimar.com\/#\/schema\/logo\/image\/\"},\"sameAs\":[\"https:\/\/www.facebook.com\/groups\/259081272759375\"]}]}<\/script>\n<!-- \/ Yoast SEO plugin. -->","yoast_head_json":{"title":"Les titres | Cercle des Amateurs du Braque de Weimar","description":"Association de propri\u00e9taires de braque de weimar en France. Que signifie cette abr\u00e9viation de titre de champion sur un pedigree?","robots":{"index":"index","follow":"follow","max-snippet":"max-snippet:-1","max-image-preview":"max-image-preview:large","max-video-preview":"max-video-preview:-1"},"canonical":"https:\/\/cercledesamateursdubraquedeweimar.com\/index.php\/les-titres-de-champion-braque-de-weimar\/","og_locale":"fr_FR","og_type":"article","og_title":"Les titres | Cercle des Amateurs du Braque de Weimar","og_description":"Association de propri\u00e9taires de braque de weimar en France. Que signifie cette abr\u00e9viation de titre de champion sur un pedigree?","og_url":"https:\/\/cercledesamateursdubraquedeweimar.com\/index.php\/les-titres-de-champion-braque-de-weimar\/","og_site_name":"Cercle des Amateurs du Braque de Weimar","article_publisher":"https:\/\/www.facebook.com\/groups\/259081272759375","article_modified_time":"2023-12-15T12:09:27+00:00","og_image":[{"url":"https:\/\/cercledesamateursdubraquedeweimar.com\/wordpress\/wp-content\/uploads\/2023\/10\/logo_cabw-1.jpg","type":"","width":"","height":""}],"twitter_card":"summary_large_image","twitter_misc":{"Dur\u00e9e de lecture estim\u00e9e":"1 minute"},"schema":{"@context":"https:\/\/schema.org","@graph":[{"@type":"WebPage","@id":"https:\/\/cercledesamateursdubraquedeweimar.com\/index.php\/les-titres-de-champion-braque-de-weimar\/","url":"https:\/\/cercledesamateursdubraquedeweimar.com\/index.php\/les-titres-de-champion-braque-de-weimar\/","name":"Les titres | Cercle des Amateurs du Braque de Weimar","isPartOf":{"@id":"https:\/\/cercledesamateursdubraquedeweimar.com\/#website"},"primaryImageOfPage":{"@id":"https:\/\/cercledesamateursdubraquedeweimar.com\/index.php\/les-titres-de-champion-braque-de-weimar\/#primaryimage"},"image":{"@id":"https:\/\/cercledesamateursdubraquedeweimar.com\/index.php\/les-titres-de-champion-braque-de-weimar\/#primaryimage"},"thumbnailUrl":"https:\/\/cercledesamateursdubraquedeweimar.com\/wordpress\/wp-content\/uploads\/2023\/10\/logo_cabw-1.jpg","datePublished":"2023-09-07T10:44:09+00:00","dateModified":"2023-12-15T12:09:27+00:00","description":"Association de propri\u00e9taires de braque de weimar en France. Que signifie cette abr\u00e9viation de titre de champion sur un pedigree?","breadcrumb":{"@id":"https:\/\/cercledesamateursdubraquedeweimar.com\/index.php\/les-titres-de-champion-braque-de-weimar\/#breadcrumb"},"inLanguage":"fr-FR","potentialAction":[{"@type":"ReadAction","target":["https:\/\/cercledesamateursdubraquedeweimar.com\/index.php\/les-titres-de-champion-braque-de-weimar\/"]}]},{"@type":"ImageObject","inLanguage":"fr-FR","@id":"https:\/\/cercledesamateursdubraquedeweimar.com\/index.php\/les-titres-de-champion-braque-de-weimar\/#primaryimage","url":"https:\/\/cercledesamateursdubraquedeweimar.com\/wordpress\/wp-content\/uploads\/2023\/10\/logo_cabw-1.jpg","contentUrl":"https:\/\/cercledesamateursdubraquedeweimar.com\/wordpress\/wp-content\/uploads\/2023\/10\/logo_cabw-1.jpg","width":125,"height":125},{"@type":"BreadcrumbList","@id":"https:\/\/cercledesamateursdubraquedeweimar.com\/index.php\/les-titres-de-champion-braque-de-weimar\/#breadcrumb","itemListElement":[{"@type":"ListItem","position":1,"name":"Accueil","item":"https:\/\/cercledesamateursdubraquedeweimar.com\/"},{"@type":"ListItem","position":2,"name":"Les titres"}]},{"@type":"WebSite","@id":"https:\/\/cercledesamateursdubraquedeweimar.com\/#website","url":"https:\/\/cercledesamateursdubraquedeweimar.com\/","name":"Cercle des amateurs du braque de weimar","description":"Association de propri\u00e9taires de braques de weimar depuis 1978","publisher":{"@id":"https:\/\/cercledesamateursdubraquedeweimar.com\/#organization"},"alternateName":"CABW","potentialAction":[{"@type":"SearchAction","target":{"@type":"EntryPoint","urlTemplate":"https:\/\/cercledesamateursdubraquedeweimar.com\/?s={search_term_string}"},"query-input":{"@type":"PropertyValueSpecification","valueRequired":true,"valueName":"search_term_string"}}],"inLanguage":"fr-FR"},{"@type":"Organization","@id":"https:\/\/cercledesamateursdubraquedeweimar.com\/#organization","name":"Cercle des Amateurs du Braque de Weimar","alternateName":"CABW","url":"https:\/\/cercledesamateursdubraquedeweimar.com\/","logo":{"@type":"ImageObject","inLanguage":"fr-FR","@id":"https:\/\/cercledesamateursdubraquedeweimar.com\/#\/schema\/logo\/image\/","url":"https:\/\/cercledesamateursdubraquedeweimar.com\/wordpress\/wp-content\/uploads\/2025\/05\/cropped-cropped-logoCABW2025vers1.png","contentUrl":"https:\/\/cercledesamateursdubraquedeweimar.com\/wordpress\/wp-content\/uploads\/2025\/05\/cropped-cropped-logoCABW2025vers1.png","width":512,"height":512,"caption":"Cercle des Amateurs du Braque de Weimar"},"image":{"@id":"https:\/\/cercledesamateursdubraquedeweimar.com\/#\/schema\/logo\/image\/"},"sameAs":["https:\/\/www.facebook.com\/groups\/259081272759375"]}]}},"_links":{"self":[{"href":"https:\/\/cercledesamateursdubraquedeweimar.com\/index.php\/wp-json\/wp\/v2\/pages\/465","targetHints":{"allow":["GET"]}}],"collection":[{"href":"https:\/\/cercledesamateursdubraquedeweimar.com\/index.php\/wp-json\/wp\/v2\/pages"}],"about":[{"href":"https:\/\/cercledesamateursdubraquedeweimar.com\/index.php\/wp-json\/wp\/v2\/types\/page"}],"author":[{"embeddable":true,"href":"https:\/\/cercledesamateursdubraquedeweimar.com\/index.php\/wp-json\/wp\/v2\/users\/1"}],"replies":[{"embeddable":true,"href":"https:\/\/cercledesamateursdubraquedeweimar.com\/index.php\/wp-json\/wp\/v2\/comments?post=465"}],"version-history":[{"count":15,"href":"https:\/\/cercledesamateursdubraquedeweimar.com\/index.php\/wp-json\/wp\/v2\/pages\/465\/revisions"}],"predecessor-version":[{"id":2752,"href":"https:\/\/cercledesamateursdubraquedeweimar.com\/index.php\/wp-json\/wp\/v2\/pages\/465\/revisions\/2752"}],"wp:attachment":[{"href":"https:\/\/cercledesamateursdubraquedeweimar.com\/index.php\/wp-json\/wp\/v2\/media?parent=465"}],"curies":[{"name":"wp","href":"https:\/\/api.w.org\/{rel}","templated":true}]}}