{"id":508,"date":"2023-09-07T14:34:20","date_gmt":"2023-09-07T12:34:20","guid":{"rendered":"https:\/\/cercledesamateursdubraquedeweimar.com\/wordpress\/?page_id=508"},"modified":"2023-12-15T13:17:10","modified_gmt":"2023-12-15T12:17:10","slug":"lof-select","status":"publish","type":"page","link":"https:\/\/cercledesamateursdubraquedeweimar.com\/index.php\/lof-select\/","title":{"rendered":"LOF select"},"content":{"rendered":"<style>.kb-row-layout-id508_948f94-82 > .kt-row-column-wrap{align-content:start;}:where(.kb-row-layout-id508_948f94-82 > .kt-row-column-wrap) > .wp-block-kadence-column{justify-content:start;}.kb-row-layout-id508_948f94-82 > .kt-row-column-wrap{column-gap:var(--global-kb-gap-md, 2rem);row-gap:var(--global-kb-gap-md, 2rem);padding-top:var(--global-kb-spacing-sm, 1.5rem);padding-bottom:var(--global-kb-spacing-sm, 1.5rem);grid-template-columns:minmax(0, 1fr);}.kb-row-layout-id508_948f94-82 > .kt-row-layout-overlay{opacity:0.30;}@media all and (max-width: 1024px){.kb-row-layout-id508_948f94-82 > .kt-row-column-wrap{grid-template-columns:minmax(0, 1fr);}}@media all and (max-width: 767px){.kb-row-layout-id508_948f94-82 > .kt-row-column-wrap{grid-template-columns:minmax(0, 1fr);}}<\/style><div class=\"kb-row-layout-wrap kb-row-layout-id508_948f94-82 alignnone wp-block-kadence-rowlayout\"><div class=\"kt-row-column-wrap kt-has-1-columns kt-row-layout-equal kt-tab-layout-inherit kt-mobile-layout-row kt-row-valign-top\">\n<style>.kadence-column508_a6c8d5-98 > .kt-inside-inner-col,.kadence-column508_a6c8d5-98 > .kt-inside-inner-col:before{border-top-left-radius:0px;border-top-right-radius:0px;border-bottom-right-radius:0px;border-bottom-left-radius:0px;}.kadence-column508_a6c8d5-98 > .kt-inside-inner-col{column-gap:var(--global-kb-gap-sm, 1rem);}.kadence-column508_a6c8d5-98 > .kt-inside-inner-col{flex-direction:column;}.kadence-column508_a6c8d5-98 > .kt-inside-inner-col > .aligncenter{width:100%;}.kadence-column508_a6c8d5-98 > .kt-inside-inner-col:before{opacity:0.3;}.kadence-column508_a6c8d5-98{position:relative;}@media all and (max-width: 1024px){.kadence-column508_a6c8d5-98 > .kt-inside-inner-col{flex-direction:column;justify-content:center;}}@media all and (max-width: 767px){.kadence-column508_a6c8d5-98 > .kt-inside-inner-col{flex-direction:column;justify-content:center;}}<\/style>\n<div class=\"wp-block-kadence-column kadence-column508_a6c8d5-98\"><div class=\"kt-inside-inner-col\"><style>.wp-block-kadence-advancedheading.kt-adv-heading508_1d0737-94, .wp-block-kadence-advancedheading.kt-adv-heading508_1d0737-94[data-kb-block=\"kb-adv-heading508_1d0737-94\"]{text-align:center;font-size:var(--global-kb-font-size-xl, 3rem);font-weight:600;font-style:normal;font-family:'Hanken Grotesk';}.wp-block-kadence-advancedheading.kt-adv-heading508_1d0737-94 mark.kt-highlight, .wp-block-kadence-advancedheading.kt-adv-heading508_1d0737-94[data-kb-block=\"kb-adv-heading508_1d0737-94\"] mark.kt-highlight{font-style:normal;color:#f76a0c;-webkit-box-decoration-break:clone;box-decoration-break:clone;padding-top:0px;padding-right:0px;padding-bottom:0px;padding-left:0px;}<\/style>\n<h1 class=\"kt-adv-heading508_1d0737-94 wp-block-kadence-advancedheading has-theme-palette-2-color has-text-color\" data-kb-block=\"kb-adv-heading508_1d0737-94\">LOF select<\/h1>\n\n\n\n<hr class=\"wp-block-separator alignwide has-alpha-channel-opacity\"\/>\n\n\n<style>.wp-block-kadence-advancedheading.kt-adv-heading508_6c98ef-6c, .wp-block-kadence-advancedheading.kt-adv-heading508_6c98ef-6c[data-kb-block=\"kb-adv-heading508_6c98ef-6c\"]{text-align:right;font-size:var(--global-kb-font-size-lg, 2rem);font-weight:600;font-style:normal;font-family:'Hanken Grotesk';}.wp-block-kadence-advancedheading.kt-adv-heading508_6c98ef-6c mark.kt-highlight, .wp-block-kadence-advancedheading.kt-adv-heading508_6c98ef-6c[data-kb-block=\"kb-adv-heading508_6c98ef-6c\"] mark.kt-highlight{font-style:normal;color:#f76a0c;-webkit-box-decoration-break:clone;box-decoration-break:clone;padding-top:0px;padding-right:0px;padding-bottom:0px;padding-left:0px;}<\/style>\n<h2 class=\"kt-adv-heading508_6c98ef-6c wp-block-kadence-advancedheading has-theme-palette-2-color has-text-color\" data-kb-block=\"kb-adv-heading508_6c98ef-6c\"> Une mine d&rsquo;or de renseignements<\/h2>\n\n\n\n<p><\/p>\n\n\n<style>.kb-image508_df7c2a-c0 .kb-image-has-overlay:after{opacity:0.3;border-top-left-radius:15px;border-top-right-radius:15px;border-bottom-right-radius:15px;border-bottom-left-radius:15px;}.kb-image508_df7c2a-c0 img.kb-img, .kb-image508_df7c2a-c0 .kb-img img{border-top:1px solid #317ac1;border-right:1px solid #317ac1;border-bottom:1px solid #317ac1;border-left:1px solid #317ac1;border-top-left-radius:15px;border-top-right-radius:15px;border-bottom-right-radius:15px;border-bottom-left-radius:15px;box-shadow:0px 0px 14px 0px var(--global-palette6, #718096);}@media all and (max-width: 1024px){.kb-image508_df7c2a-c0 img.kb-img, .kb-image508_df7c2a-c0 .kb-img img{border-top:1px solid #317ac1;border-right:1px solid #317ac1;border-bottom:1px solid #317ac1;border-left:1px solid #317ac1;}}@media all and (max-width: 767px){.kb-image508_df7c2a-c0 img.kb-img, .kb-image508_df7c2a-c0 .kb-img img{border-top:1px solid #317ac1;border-right:1px solid #317ac1;border-bottom:1px solid #317ac1;border-left:1px solid #317ac1;}}<\/style>\n<div class=\"wp-block-kadence-image kb-image508_df7c2a-c0\"><figure class=\"aligncenter size-full\"><a href=\"https:\/\/www.centrale-canine.fr\/lofselect\" class=\"kb-advanced-image-link\" target=\"_blank\" rel=\"noopener noreferrer\"><img loading=\"lazy\" decoding=\"async\" width=\"300\" height=\"261\" src=\"https:\/\/cercledesamateursdubraquedeweimar.com\/wordpress\/wp-content\/uploads\/2023\/09\/Loft-Select-A-300x261-1.jpg\" alt=\"Llof select braque de weimar\" class=\"kb-img wp-image-536\"\/><\/a><\/figure><\/div>\n\n\n<style>.wp-block-kadence-advancedheading.kt-adv-heading508_756f22-c6, .wp-block-kadence-advancedheading.kt-adv-heading508_756f22-c6[data-kb-block=\"kb-adv-heading508_756f22-c6\"]{font-size:var(--global-kb-font-size-md, 1.25rem);font-style:normal;}.wp-block-kadence-advancedheading.kt-adv-heading508_756f22-c6 mark.kt-highlight, .wp-block-kadence-advancedheading.kt-adv-heading508_756f22-c6[data-kb-block=\"kb-adv-heading508_756f22-c6\"] mark.kt-highlight{font-style:normal;color:#f76a0c;-webkit-box-decoration-break:clone;box-decoration-break:clone;padding-top:0px;padding-right:0px;padding-bottom:0px;padding-left:0px;}<\/style>\n<p class=\"kt-adv-heading508_756f22-c6 wp-block-kadence-advancedheading\" data-kb-block=\"kb-adv-heading508_756f22-c6\">LOF Select, v\u00e9ritable bible et mine d&rsquo;or pour tout passionn\u00e9 par une race canine quelle qu&rsquo;elle soit. Site ouvert et tr\u00e8s accessible au grand public m\u00eame si destin\u00e9 \u00e0 la base pour la s\u00e9lection en \u00e9levage.<br>Parfois, en tant que futur acqu\u00e9reur d&rsquo;un chiot, on ose pas (ou ne pense pas tout de suite) \u00e0 poser toutes les questions \u00e0 un \u00e9leveur. Tr\u00e8s souvent on ose encore moins lui demander la preuve de certains r\u00e9sultats qu&rsquo;il avance, que ce soit sur la sant\u00e9 ou en divers concours.<br>LOF Select vous permet de d\u00e9couvrir toutes les informations n\u00e9cessaires sur les parents d&rsquo;un futur chiot : d\u00e9pistage et r\u00e9sultats des maladies suivies par le club de race (si g\u00e9niteur d\u00e9pist\u00e9 \u2026 si rien de not\u00e9 \u00ab\u00a0attention\u00a0\u00bb !), les r\u00e9sultats en expositions de beaut\u00e9 et en concours de travail, la descendance<br>des g\u00e9niteurs etc.<br>Ce site a \u00e9t\u00e9 cr\u00e9\u00e9 par la Soci\u00e9t\u00e9 Centrale Canine fin 2017 et il regroupe toutes les informations que la SCC recueille (ou a recueillies) tout au long de la vie d&rsquo;un chien inscrit au LOF, de sa naissance \u00e0 son d\u00e9part. Chaque chien inscrit au LOF a une fiche personnelle.<br>En \u00e9levage, il permet aussi de chercher des g\u00e9niteurs suivants des crit\u00e8res pr\u00e9cis ou de cr\u00e9er des alliances virtuelles afin d&rsquo;\u00e9tudier la possibilit\u00e9 ou l&rsquo;int\u00e9r\u00eat d&rsquo;un mariage.<br>Vous trouverez, gr\u00e2ce au lien ci dessous, la fa\u00e7on de vous servir de cette mine d&rsquo;or. Mais, si vous \u00e9prouvez des difficult\u00e9s ou si vous pr\u00e9f\u00e9rez le contact humain et t\u00e9l\u00e9phonique, l&rsquo;association est \u00e0 votre disposition afin de vous aider dans vos premiers pas sur le site.<\/p>\n\n\n<style>.wp-block-kadence-advancedbtn.kb-btns508_e3850b-e7{gap:var(--global-kb-gap-xs, 0.5rem );justify-content:center;align-items:center;}.kt-btns508_e3850b-e7 .kt-button{font-weight:normal;font-style:normal;}.kt-btns508_e3850b-e7 .kt-btn-wrap-0{margin-right:5px;}.wp-block-kadence-advancedbtn.kt-btns508_e3850b-e7 .kt-btn-wrap-0 .kt-button{color:#555555;border-color:#555555;}.wp-block-kadence-advancedbtn.kt-btns508_e3850b-e7 .kt-btn-wrap-0 .kt-button:hover, .wp-block-kadence-advancedbtn.kt-btns508_e3850b-e7 .kt-btn-wrap-0 .kt-button:focus{color:#ffffff;border-color:#444444;}.wp-block-kadence-advancedbtn.kt-btns508_e3850b-e7 .kt-btn-wrap-0 .kt-button::before{display:none;}.wp-block-kadence-advancedbtn.kt-btns508_e3850b-e7 .kt-btn-wrap-0 .kt-button:hover, .wp-block-kadence-advancedbtn.kt-btns508_e3850b-e7 .kt-btn-wrap-0 .kt-button:focus{background:#444444;}<\/style>\n<div class=\"wp-block-kadence-advancedbtn kb-buttons-wrap kb-btns508_e3850b-e7\"><style>ul.menu .wp-block-kadence-advancedbtn .kb-btn508_a59e69-3d.kb-button{width:initial;}.wp-block-kadence-advancedbtn .kb-btn508_a59e69-3d.kb-button{color:var(--global-palette2, #2B6CB0);background:#317ac1;border-top-left-radius:15px;border-top-right-radius:15px;border-bottom-right-radius:15px;border-bottom-left-radius:15px;border-top:1px solid var(--global-palette8, #F7FAFC);border-right:1px solid var(--global-palette8, #F7FAFC);border-bottom:1px solid var(--global-palette8, #F7FAFC);border-left:1px solid var(--global-palette8, #F7FAFC);box-shadow:1px 1px 2px 0px var(--global-palette6, #718096);}@media all and (max-width: 1024px){.wp-block-kadence-advancedbtn .kb-btn508_a59e69-3d.kb-button{border-top:1px solid var(--global-palette8, #F7FAFC);border-right:1px solid var(--global-palette8, #F7FAFC);border-bottom:1px solid var(--global-palette8, #F7FAFC);border-left:1px solid var(--global-palette8, #F7FAFC);}}@media all and (max-width: 767px){.wp-block-kadence-advancedbtn .kb-btn508_a59e69-3d.kb-button{border-top:1px solid var(--global-palette8, #F7FAFC);border-right:1px solid var(--global-palette8, #F7FAFC);border-bottom:1px solid var(--global-palette8, #F7FAFC);border-left:1px solid var(--global-palette8, #F7FAFC);}}<\/style><a class=\"kb-button kt-button button kb-btn508_a59e69-3d kt-btn-size-large kt-btn-width-type-auto kb-btn-global-fill kt-btn-has-text-true kt-btn-has-svg-false wp-block-kadence-singlebtn\" href=\"https:\/\/www.centrale-canine.fr\/lofselect\" target=\"_blank\" rel=\"noreferrer noopener\"><span class=\"kt-btn-inner-text\">Lof select<\/span><\/a><\/div>\n<\/div><\/div>\n\n<\/div><\/div>\n\n\n<p><\/p>\n\n\n\n<hr class=\"wp-block-separator alignwide has-alpha-channel-opacity\"\/>\n\n\n<style>.kb-image508_7358f5-b5 .kb-image-has-overlay:after{opacity:0.3;border-top-left-radius:70px;border-top-right-radius:70px;border-bottom-right-radius:70px;border-bottom-left-radius:70px;}.kb-image508_7358f5-b5 img.kb-img, .kb-image508_7358f5-b5 .kb-img img{border-top:1px solid #317ac1;border-right:1px solid #317ac1;border-bottom:1px solid #317ac1;border-left:1px solid #317ac1;border-top-left-radius:70px;border-top-right-radius:70px;border-bottom-right-radius:70px;border-bottom-left-radius:70px;box-shadow:0px 0px 14px 0px var(--global-palette6, #718096);}@media all and (max-width: 1024px){.kb-image508_7358f5-b5 img.kb-img, .kb-image508_7358f5-b5 .kb-img img{border-top:1px solid #317ac1;border-right:1px solid #317ac1;border-bottom:1px solid #317ac1;border-left:1px solid #317ac1;}}@media all and (max-width: 767px){.kb-image508_7358f5-b5 img.kb-img, .kb-image508_7358f5-b5 .kb-img img{border-top:1px solid #317ac1;border-right:1px solid #317ac1;border-bottom:1px solid #317ac1;border-left:1px solid #317ac1;}}<\/style>\n<div class=\"wp-block-kadence-image kb-image508_7358f5-b5\"><figure class=\"aligncenter size-full\"><a href=\"https:\/\/cercledesamateursdubraquedeweimar.com\/index.php\/lof-select\/\" class=\"kb-advanced-image-link\"><img loading=\"lazy\" decoding=\"async\" width=\"125\" height=\"125\" src=\"https:\/\/cercledesamateursdubraquedeweimar.com\/wordpress\/wp-content\/uploads\/2023\/10\/logo_cabw-1.jpg\" alt=\"cercle des amateurs du braque de weimar\" class=\"kb-img wp-image-1465\"\/><\/a><\/figure><\/div>\n","protected":false},"excerpt":{"rendered":"<p>LOF select Une mine d&rsquo;or de renseignements LOF Select, v\u00e9ritable bible et mine d&rsquo;or pour tout passionn\u00e9 par une race canine quelle qu&rsquo;elle soit. Site ouvert et tr\u00e8s accessible au grand public m\u00eame si destin\u00e9 \u00e0 la base pour la s\u00e9lection en \u00e9levage.Parfois, en tant que futur acqu\u00e9reur d&rsquo;un chiot, on ose pas (ou ne&#8230;<\/p>\n","protected":false},"author":1,"featured_media":0,"parent":0,"menu_order":0,"comment_status":"closed","ping_status":"closed","template":"","meta":{"_monsterinsights_skip_tracking":false,"_monsterinsights_sitenote_active":false,"_monsterinsights_sitenote_note":"","_monsterinsights_sitenote_category":0,"_kad_post_transparent":"","_kad_post_title":"hide","_kad_post_layout":"","_kad_post_sidebar_id":"","_kad_post_content_style":"","_kad_post_vertical_padding":"","_kad_post_feature":"","_kad_post_feature_position":"","_kad_post_header":false,"_kad_post_footer":false,"footnotes":""},"class_list":["post-508","page","type-page","status-publish","hentry"],"yoast_head":"<!-- This site is optimized with the Yoast SEO plugin v25.4 - https:\/\/yoast.com\/wordpress\/plugins\/seo\/ -->\n<title>LOF select | Cercle des Amateurs du Braque de Weimar<\/title>\n<meta name=\"description\" content=\"Association de propri\u00e9taires de braque de weimar depuis 1978 en France. Pourquoi, comment lof select est tr\u00e8s utile!\" \/>\n<meta name=\"robots\" content=\"index, follow, max-snippet:-1, max-image-preview:large, max-video-preview:-1\" \/>\n<link rel=\"canonical\" href=\"https:\/\/cercledesamateursdubraquedeweimar.com\/index.php\/lof-select\/\" \/>\n<meta property=\"og:locale\" content=\"fr_FR\" \/>\n<meta property=\"og:type\" content=\"article\" \/>\n<meta property=\"og:title\" content=\"LOF select | Cercle des Amateurs du Braque de Weimar\" \/>\n<meta property=\"og:description\" content=\"Association de propri\u00e9taires de braque de weimar depuis 1978 en France. Pourquoi, comment lof select est tr\u00e8s utile!\" \/>\n<meta property=\"og:url\" content=\"https:\/\/cercledesamateursdubraquedeweimar.com\/index.php\/lof-select\/\" \/>\n<meta property=\"og:site_name\" content=\"Cercle des Amateurs du Braque de Weimar\" \/>\n<meta property=\"article:publisher\" content=\"https:\/\/www.facebook.com\/groups\/259081272759375\" \/>\n<meta property=\"article:modified_time\" content=\"2023-12-15T12:17:10+00:00\" \/>\n<meta property=\"og:image\" content=\"https:\/\/cercledesamateursdubraquedeweimar.com\/wordpress\/wp-content\/uploads\/2023\/09\/Loft-Select-A-300x261-1.jpg\" \/>\n<meta name=\"twitter:card\" content=\"summary_large_image\" \/>\n<meta name=\"twitter:label1\" content=\"Dur\u00e9e de lecture estim\u00e9e\" \/>\n\t<meta name=\"twitter:data1\" content=\"2 minutes\" \/>\n<script type=\"application\/ld+json\" class=\"yoast-schema-graph\">{\"@context\":\"https:\/\/schema.org\",\"@graph\":[{\"@type\":\"WebPage\",\"@id\":\"https:\/\/cercledesamateursdubraquedeweimar.com\/index.php\/lof-select\/\",\"url\":\"https:\/\/cercledesamateursdubraquedeweimar.com\/index.php\/lof-select\/\",\"name\":\"LOF select | Cercle des Amateurs du Braque de Weimar\",\"isPartOf\":{\"@id\":\"https:\/\/cercledesamateursdubraquedeweimar.com\/#website\"},\"primaryImageOfPage\":{\"@id\":\"https:\/\/cercledesamateursdubraquedeweimar.com\/index.php\/lof-select\/#primaryimage\"},\"image\":{\"@id\":\"https:\/\/cercledesamateursdubraquedeweimar.com\/index.php\/lof-select\/#primaryimage\"},\"thumbnailUrl\":\"https:\/\/cercledesamateursdubraquedeweimar.com\/wordpress\/wp-content\/uploads\/2023\/09\/Loft-Select-A-300x261-1.jpg\",\"datePublished\":\"2023-09-07T12:34:20+00:00\",\"dateModified\":\"2023-12-15T12:17:10+00:00\",\"description\":\"Association de propri\u00e9taires de braque de weimar depuis 1978 en France. Pourquoi, comment lof select est tr\u00e8s utile!\",\"breadcrumb\":{\"@id\":\"https:\/\/cercledesamateursdubraquedeweimar.com\/index.php\/lof-select\/#breadcrumb\"},\"inLanguage\":\"fr-FR\",\"potentialAction\":[{\"@type\":\"ReadAction\",\"target\":[\"https:\/\/cercledesamateursdubraquedeweimar.com\/index.php\/lof-select\/\"]}]},{\"@type\":\"ImageObject\",\"inLanguage\":\"fr-FR\",\"@id\":\"https:\/\/cercledesamateursdubraquedeweimar.com\/index.php\/lof-select\/#primaryimage\",\"url\":\"https:\/\/cercledesamateursdubraquedeweimar.com\/wordpress\/wp-content\/uploads\/2023\/09\/Loft-Select-A-300x261-1.jpg\",\"contentUrl\":\"https:\/\/cercledesamateursdubraquedeweimar.com\/wordpress\/wp-content\/uploads\/2023\/09\/Loft-Select-A-300x261-1.jpg\",\"width\":300,\"height\":261,\"caption\":\"lof select\"},{\"@type\":\"BreadcrumbList\",\"@id\":\"https:\/\/cercledesamateursdubraquedeweimar.com\/index.php\/lof-select\/#breadcrumb\",\"itemListElement\":[{\"@type\":\"ListItem\",\"position\":1,\"name\":\"Accueil\",\"item\":\"https:\/\/cercledesamateursdubraquedeweimar.com\/\"},{\"@type\":\"ListItem\",\"position\":2,\"name\":\"LOF select\"}]},{\"@type\":\"WebSite\",\"@id\":\"https:\/\/cercledesamateursdubraquedeweimar.com\/#website\",\"url\":\"https:\/\/cercledesamateursdubraquedeweimar.com\/\",\"name\":\"Cercle des amateurs du braque de weimar\",\"description\":\"Association de propri\u00e9taires de braques de weimar depuis 1978\",\"publisher\":{\"@id\":\"https:\/\/cercledesamateursdubraquedeweimar.com\/#organization\"},\"alternateName\":\"CABW\",\"potentialAction\":[{\"@type\":\"SearchAction\",\"target\":{\"@type\":\"EntryPoint\",\"urlTemplate\":\"https:\/\/cercledesamateursdubraquedeweimar.com\/?s={search_term_string}\"},\"query-input\":{\"@type\":\"PropertyValueSpecification\",\"valueRequired\":true,\"valueName\":\"search_term_string\"}}],\"inLanguage\":\"fr-FR\"},{\"@type\":\"Organization\",\"@id\":\"https:\/\/cercledesamateursdubraquedeweimar.com\/#organization\",\"name\":\"Cercle des Amateurs du Braque de Weimar\",\"alternateName\":\"CABW\",\"url\":\"https:\/\/cercledesamateursdubraquedeweimar.com\/\",\"logo\":{\"@type\":\"ImageObject\",\"inLanguage\":\"fr-FR\",\"@id\":\"https:\/\/cercledesamateursdubraquedeweimar.com\/#\/schema\/logo\/image\/\",\"url\":\"https:\/\/cercledesamateursdubraquedeweimar.com\/wordpress\/wp-content\/uploads\/2025\/05\/cropped-cropped-logoCABW2025vers1.png\",\"contentUrl\":\"https:\/\/cercledesamateursdubraquedeweimar.com\/wordpress\/wp-content\/uploads\/2025\/05\/cropped-cropped-logoCABW2025vers1.png\",\"width\":512,\"height\":512,\"caption\":\"Cercle des Amateurs du Braque de Weimar\"},\"image\":{\"@id\":\"https:\/\/cercledesamateursdubraquedeweimar.com\/#\/schema\/logo\/image\/\"},\"sameAs\":[\"https:\/\/www.facebook.com\/groups\/259081272759375\"]}]}<\/script>\n<!-- \/ Yoast SEO plugin. -->","yoast_head_json":{"title":"LOF select | Cercle des Amateurs du Braque de Weimar","description":"Association de propri\u00e9taires de braque de weimar depuis 1978 en France. Pourquoi, comment lof select est tr\u00e8s utile!","robots":{"index":"index","follow":"follow","max-snippet":"max-snippet:-1","max-image-preview":"max-image-preview:large","max-video-preview":"max-video-preview:-1"},"canonical":"https:\/\/cercledesamateursdubraquedeweimar.com\/index.php\/lof-select\/","og_locale":"fr_FR","og_type":"article","og_title":"LOF select | Cercle des Amateurs du Braque de Weimar","og_description":"Association de propri\u00e9taires de braque de weimar depuis 1978 en France. Pourquoi, comment lof select est tr\u00e8s utile!","og_url":"https:\/\/cercledesamateursdubraquedeweimar.com\/index.php\/lof-select\/","og_site_name":"Cercle des Amateurs du Braque de Weimar","article_publisher":"https:\/\/www.facebook.com\/groups\/259081272759375","article_modified_time":"2023-12-15T12:17:10+00:00","og_image":[{"url":"https:\/\/cercledesamateursdubraquedeweimar.com\/wordpress\/wp-content\/uploads\/2023\/09\/Loft-Select-A-300x261-1.jpg","type":"","width":"","height":""}],"twitter_card":"summary_large_image","twitter_misc":{"Dur\u00e9e de lecture estim\u00e9e":"2 minutes"},"schema":{"@context":"https:\/\/schema.org","@graph":[{"@type":"WebPage","@id":"https:\/\/cercledesamateursdubraquedeweimar.com\/index.php\/lof-select\/","url":"https:\/\/cercledesamateursdubraquedeweimar.com\/index.php\/lof-select\/","name":"LOF select | Cercle des Amateurs du Braque de Weimar","isPartOf":{"@id":"https:\/\/cercledesamateursdubraquedeweimar.com\/#website"},"primaryImageOfPage":{"@id":"https:\/\/cercledesamateursdubraquedeweimar.com\/index.php\/lof-select\/#primaryimage"},"image":{"@id":"https:\/\/cercledesamateursdubraquedeweimar.com\/index.php\/lof-select\/#primaryimage"},"thumbnailUrl":"https:\/\/cercledesamateursdubraquedeweimar.com\/wordpress\/wp-content\/uploads\/2023\/09\/Loft-Select-A-300x261-1.jpg","datePublished":"2023-09-07T12:34:20+00:00","dateModified":"2023-12-15T12:17:10+00:00","description":"Association de propri\u00e9taires de braque de weimar depuis 1978 en France. Pourquoi, comment lof select est tr\u00e8s utile!","breadcrumb":{"@id":"https:\/\/cercledesamateursdubraquedeweimar.com\/index.php\/lof-select\/#breadcrumb"},"inLanguage":"fr-FR","potentialAction":[{"@type":"ReadAction","target":["https:\/\/cercledesamateursdubraquedeweimar.com\/index.php\/lof-select\/"]}]},{"@type":"ImageObject","inLanguage":"fr-FR","@id":"https:\/\/cercledesamateursdubraquedeweimar.com\/index.php\/lof-select\/#primaryimage","url":"https:\/\/cercledesamateursdubraquedeweimar.com\/wordpress\/wp-content\/uploads\/2023\/09\/Loft-Select-A-300x261-1.jpg","contentUrl":"https:\/\/cercledesamateursdubraquedeweimar.com\/wordpress\/wp-content\/uploads\/2023\/09\/Loft-Select-A-300x261-1.jpg","width":300,"height":261,"caption":"lof select"},{"@type":"BreadcrumbList","@id":"https:\/\/cercledesamateursdubraquedeweimar.com\/index.php\/lof-select\/#breadcrumb","itemListElement":[{"@type":"ListItem","position":1,"name":"Accueil","item":"https:\/\/cercledesamateursdubraquedeweimar.com\/"},{"@type":"ListItem","position":2,"name":"LOF select"}]},{"@type":"WebSite","@id":"https:\/\/cercledesamateursdubraquedeweimar.com\/#website","url":"https:\/\/cercledesamateursdubraquedeweimar.com\/","name":"Cercle des amateurs du braque de weimar","description":"Association de propri\u00e9taires de braques de weimar depuis 1978","publisher":{"@id":"https:\/\/cercledesamateursdubraquedeweimar.com\/#organization"},"alternateName":"CABW","potentialAction":[{"@type":"SearchAction","target":{"@type":"EntryPoint","urlTemplate":"https:\/\/cercledesamateursdubraquedeweimar.com\/?s={search_term_string}"},"query-input":{"@type":"PropertyValueSpecification","valueRequired":true,"valueName":"search_term_string"}}],"inLanguage":"fr-FR"},{"@type":"Organization","@id":"https:\/\/cercledesamateursdubraquedeweimar.com\/#organization","name":"Cercle des Amateurs du Braque de Weimar","alternateName":"CABW","url":"https:\/\/cercledesamateursdubraquedeweimar.com\/","logo":{"@type":"ImageObject","inLanguage":"fr-FR","@id":"https:\/\/cercledesamateursdubraquedeweimar.com\/#\/schema\/logo\/image\/","url":"https:\/\/cercledesamateursdubraquedeweimar.com\/wordpress\/wp-content\/uploads\/2025\/05\/cropped-cropped-logoCABW2025vers1.png","contentUrl":"https:\/\/cercledesamateursdubraquedeweimar.com\/wordpress\/wp-content\/uploads\/2025\/05\/cropped-cropped-logoCABW2025vers1.png","width":512,"height":512,"caption":"Cercle des Amateurs du Braque de Weimar"},"image":{"@id":"https:\/\/cercledesamateursdubraquedeweimar.com\/#\/schema\/logo\/image\/"},"sameAs":["https:\/\/www.facebook.com\/groups\/259081272759375"]}]}},"_links":{"self":[{"href":"https:\/\/cercledesamateursdubraquedeweimar.com\/index.php\/wp-json\/wp\/v2\/pages\/508","targetHints":{"allow":["GET"]}}],"collection":[{"href":"https:\/\/cercledesamateursdubraquedeweimar.com\/index.php\/wp-json\/wp\/v2\/pages"}],"about":[{"href":"https:\/\/cercledesamateursdubraquedeweimar.com\/index.php\/wp-json\/wp\/v2\/types\/page"}],"author":[{"embeddable":true,"href":"https:\/\/cercledesamateursdubraquedeweimar.com\/index.php\/wp-json\/wp\/v2\/users\/1"}],"replies":[{"embeddable":true,"href":"https:\/\/cercledesamateursdubraquedeweimar.com\/index.php\/wp-json\/wp\/v2\/comments?post=508"}],"version-history":[{"count":17,"href":"https:\/\/cercledesamateursdubraquedeweimar.com\/index.php\/wp-json\/wp\/v2\/pages\/508\/revisions"}],"predecessor-version":[{"id":2756,"href":"https:\/\/cercledesamateursdubraquedeweimar.com\/index.php\/wp-json\/wp\/v2\/pages\/508\/revisions\/2756"}],"wp:attachment":[{"href":"https:\/\/cercledesamateursdubraquedeweimar.com\/index.php\/wp-json\/wp\/v2\/media?parent=508"}],"curies":[{"name":"wp","href":"https:\/\/api.w.org\/{rel}","templated":true}]}}